 when 1067 is divided by 38?
3
Calculate the remainder when 52 is divided by 43.
9
What is the remainder when 265 is divided by 85?
10
Calculate the remainder when 297 is divided by 14.
3
Calculate the remainder when 11655 is divided by 31.
30
Calculate the remainder when 1121 is divided by 25.
21
What is the remainder when 2263 is divided by 28?
23
What is the remainder when 139 is divided by 25?
14
Calculate the remainder when 5908 is divided by 6.
4
What is the remainder when 198 is divided by 29?
24
What is the remainder when 3885 is divided by 72?
69
Calculate the remainder when 167 is divided by 8.
7
What is the remainder when 302 is divided by 82?
56
Calculate the remainder when 1462 is divided by 108.
58
Calculate the remainder when 794 is divided by 47.
42
What is the remainder when 2672 is divided by 265?
22
Calculate the remainder when 573 is divided by 191.
0
Calculate the remainder when 83 is divided by 8.
3
What is the remainder when 29 is divided by 13?
3
What is the remainder when 849 is divided by 165?
24
What is the remainder when 261 is divided by 60?
21
What is the remainder when 16278 is divided by 9?
6
What is the remainder when 334 is divided by 51?
28
What is the remainder when 217 is divided by 91?
35
Calculate the remainder when 352 is divided by 205.
147
What is the remainder when 5 is divided by 1?
0
What is the remainder when 38 is divided by 11?
5
What is the remainder when 1461 is divided by 86?
85
What is the remainder when 4091 is divided by 89?
86
Calculate the remainder when 9395 is divided by 108.
107
Calculate the remainder when 38815 is divided by 9.
7
What is the remainder when 64 is divided by 11?
9
What is the remainder when 834 is divided by 80?
34
Calculate the remainder when 5273 is divided by 11.
4
What is the remainder when 17571 is divided by 29?
26
Calculate the remainder when 223 is divided by 38.
33
Calculate the remainder when 4175 is divided by 149.
3
Calculate the remainder when 881 is divided by 33.
23
What is the remainder when 3482 is divided by 268?
266
Calculate the remainder when 781 is divided by 28.
25
What is the remainder when 78 is divided by 8?
6
Calculate the remainder when 13198 is divided by 46.
42
What is the remainder when 423 is divided by 47?
0
What is the remainder when 1312 is divided by 94?
90
What is the remainder when 241 is divided by 49?
45
What is the remainder when 1572 is divided by 518?
18
Calculate the remainder when 393 is divided by 96.
9
Calculate the remainder when 1552 is divided by 74.
72
Calculate the remainder when 551 is divided by 24.
23
What is the remainder when 193 is divided by 66?
61
Calculate the remainder when 279 is divided by 7.
6
Calculate the remainder when 648 is divided by 16.
8
What is the remainder when 139 is divided by 72?
67
Calculate the remainder when 150 is divided by 29.
5
Calculate the remainder when 6825 is divided by 51.
42
Calculate the remainder when 112 is divided by 16.
0
Calculate the remainder when 2090 is divided by 687.
29
What is the remainder when 52 is divided by 10?
2
Calculate the remainder when 103 is divided by 44.
15
What is the remainder when 690 is divided by 7?
4
What is the remainder when 135 is divided by 72?
63
What is the remainder when 28 is divided by 16?
12
Calculate the remainder when 131 is divided by 53.
25
What is the remainder when 1050 is divided by 28?
14
What is the remainder when 153 is divided by 53?
47
What is the remainder when 288 is divided by 29?
27
What is the remainder when 242 is divided by 81?
80
Calculate the remainder when 6425 is divided by 189.
188
What is the remainder when 386 is divided by 57?
44
What is the remainder when 118 is divided by 17?
16
Calculate the remainder when 6533 is divided by 20.
13
What is the remainder when 2170 is divided by 719?
13
Calculate the remainder when 20 is divided by 17.
3
What is the remainder when 125 is divided by 51?
23
What is the remainder when 91 is divided by 29?
4
Calculate the remainder when 123 is divided by 58.
7
Calculate the remainder when 143 is divided by 63.
17
What is the remainder when 167 is divided by 10?
7
What is the remainder when 137 is divided by 12?
5
What is the remainder when 120 is divided by 13?
3
Calculate the remainder when 134 is divided by 38.
20
What is the remainder when 20 is divided by 7?
6
Calculate the remainder when 543 is divided by 309.
234
Calculate the remainder when 1190 is divided by 202.
180
What is the remainder when 59 is divided by 8?
3
Calculate the remainder when 101 is divided by 39.
23
Calculate the remainder when 3672 is divided by 1830.
12
What is the remainder when 4521 is divided by 58?
55
What is the remainder when 776 is divided by 7?
6
Calculate the remainder when 212 is divided by 71.
70
Calculate the remainder when 4351 is divided by 31.
11
Calculate the remainder when 54 is divided by 46.
8
Calculate the remainder when 1099 is divided by 17.
11
Calculate the remainder when 1033 is divided by 14.
11
What is the remainder when 1150 is divided by 70?
30
Calculate the remainder when 54 is divided by 10.
4
Calculate the remainder when 405 is divided by 89.
49
What is the remainder when 137 is divided by 17?
1
What is the remainder when 113 is divided by 29?
26
What is the remainder when 61 is divided by 7?
5
What is the remainder when 1074 is divided by 43?
42
What is the remainder when 59 is divided by 4?
3
What is the remainder when 75 is divided by 20?
15
Calculate the remainder when 20304 is divided by 155.
154
Calculate the remainder when 118 is divided by 62.
56
Calculate the remainder when 1875 is divided by 14.
13
What is the remainder when 30 is divided by 15?
0
Calculate the remainder when 1258 is divided by 251.
3
What is the remainder when 217 is divided by 20?
17
What is the remainder when 75 is divided by 17?
7
What is the remainder when 249 is divided by 95?
59
Calculate the remainder when 225 is divided by 76.
73
Calculate the remainder when 1298 is divided by 52.
50
What is the remainder when 520 is divided by 251?
18
Calculate the remainder when 1921 is divided by 13.
10
Calculate the remainder when 306 is divided by 57.
21
Calculate the remainder when 247 is divided by 21.
16
What is the remainder when 1190 is divided by 29?
1
Calculate the remainder when 6817 is divided by 20.
17
Calculate the remainder when 6166 is divided by 31.
28
Calculate the remainder when 1287 is divided by 22.
11
Calculate the remainder when 480 is divided by 93.
15
Calculate the remainder when 254 is divided by 73.
35
Calculate the remainder when 11579 is divided by 193.
192
Calculate the remainder when 6 is divided by 2.
0
What is the remainder when 445 is divided by 16?
13
Calculate the remainder when 730 is divided by 126.
100
What is the remainder when 338 is divided by 59?
43
Calculate the remainder when 1617 is divided by 108.
105
Calculate the remainder when 65 is divided by 34.
31
Calculate the remainder when 88 is divided by 23.
19
Calculate the remainder when 15842 is divided by 317.
309
Calculate the remainder when 762 is divided by 249.
15
What is the remainder when 77 is divided by 42?
35
Calculate the remainder when 308 is divided by 21.
14
What is the remainder when 518 is divided by 28?
14
What is the remainder when 621 is divided by 331?
290
What is the remainder when 154 is divided by 23?
16
Calculate the remainder when 77 is divided by 20.
17
Calculate the remainder when 178 is divided by 14.
10
Calculate the remainder when 1412 is divided by 28.
12
What is the remainder when 264 is divided by 31?
16
What is the remainder when 386 is divided by 93?
14
What is the remainder when 126 is divided by 43?
40
What is the remainder when 69 is divided by 60?
9
Calculate the remainder when 183 is divided by 113.
70
Calculate the remainder when 1323 is divided by 26.
23
Calculate the remainder when 47 is divided by 23.
1
Calculate the remainder when 6912 is divided by 247.
243
Calculate the remainder when 303 is divided by 11.
6
What is the remainder when 68 is divided by 8?
4
Calculate the remainder when 225 is divided by 57.
54
Calculate the remainder when 403 is divided by 101.
100
What is the remainder when 21 is divided by 3?
0
What is the remainder when 48 is divided by